{"id":2585,"date":"2020-12-23T11:02:31","date_gmt":"2020-12-23T11:02:31","guid":{"rendered":"https:\/\/www.medinic.co.rs\/prodavnica\/?post_type=product&#038;p=2585"},"modified":"2026-04-14T08:56:46","modified_gmt":"2026-04-14T08:56:46","slug":"dijabetes-za-neupucene-knjiga","status":"publish","type":"product","link":"https:\/\/www.medinic.co.rs\/prodavnica\/proizvod\/dijabetes-za-neupucene-knjiga\/","title":{"rendered":"Dijabetes za neupu\u0107ene knjiga"},"content":{"rendered":"<p>Sadr\u017eaj<\/p>\n<p>Uvod<br \/>\nPoglavlje 1: \u017diveti s dijabetesom<br \/>\nPoglavlje 2: Glukoza<br \/>\nPoglavlje 3: Koji je va\u0161 tip dijabetesa?<br \/>\nPoglavlje 4: Kako se boriti sa akutnim komplikacijama<br \/>\nPoglavlje 5: Spre\u010davanje hroni\u010dnih komplikacija<br \/>\nPoglavlje 6: Dijabetes, seksualna funkcija i trudno\u0107a<br \/>\nPoglavlje 7: Pra\u0107enje nivoa glukoze i drugi testovi<br \/>\nPoglavlje 8: Plan ishrane za dijabetes<br \/>\nPoglavlje 9: Biti u pokretu: plan ve\u017ebanja<br \/>\nPoglavlje 10: Lekovi: \u0161ta treba da znate<br \/>\nPoglavlje 11: Dijabetes je va\u0161a predstava<br \/>\nPoglavlje 12: Prakti\u010dno iskoristite svoja saznanja<br \/>\nPoglavlje 13: Va\u0161e dete ima dijabetes<br \/>\nPoglavlje 14: Dijabetes i starije osobe<br \/>\nPoglavlje 15: \u0160ta je novo u le\u010denju dijabetesa<br \/>\nPoglavlje 16: \u0160ta ne uspeva u le\u010denju dijabetesa<br \/>\nPoglavlje 17: Deset na\u010dina da se preduprede ili ubla\u017ee efekti dijabetesa<br \/>\nPoglavlje 18: Deset mitova o dijabetesu koje mo\u017eeta da zaboravite<br \/>\nPoglavlje 19: Deset na\u010dina da navedete druge da vam pomognu<\/p>\n<p>Dodatak A: Mini-kuvar<br \/>\nDodatak B: Dr W.W.Web<br \/>\nDodatak C: Re\u010dnik pojmova<br \/>\nIndeks<\/p>\n<p>O autoru<br \/>\nDr Alan L. Rubin je jedan od vode\u0107ih ameri\u010dkih stru\u010dnjaka za dijabetes. Napisao je knjige Type 1 Diabetes For Dummies, Diabetes Cookbook For Dummies i Thyroid For Dummies.<\/p>\n","protected":false},"excerpt":{"rendered":"<p><strong>Autor : Dr Alan L. Rubin<\/strong><br \/>\n<strong>Izdava\u010d : Mikro knjiga<\/strong><br \/>\nFormat: 16,2 x 23,5 cm<br \/>\nBroj strana: 362<br \/>\nISBN: 978-86-7555-345-8<br \/>\nPismo: Latinica<br \/>\nPovez: mek<br \/>\nGodina izdanja: 2011<\/p>\n<p>Dr Alan Rubin, priznati stru\u010dnjak za dijabetes, predstavlja vam pregledan, informativan vodi\u010d koji vas upoznaje sa savremenim metodama le\u010denja i na\u010dinima uspe\u0161ne kontrole dijabetesa zahvaljuju\u0107i kojima mo\u017eete voditi bogat i ispunjen \u017eivot.<\/p>\n<p>Sazna\u0107ete kakve su prednosti pra\u0107enja nivoa glukoze u krvi i koji su se novi lekovi pojavili na tr\u017ei\u0161tu, te nau\u010diti kako se defini\u0161e plan ishrane i ve\u017ebanja radi o\u010duvanja zdravlja. Izme\u0111u ostalog, u knjizi \u0107ete otkriti kako se smanjuje rizik od dijabetesa, razlikuju tipovi ove bolesti, reguli\u0161e dijabetes kod dece i starijih, spre\u010dava nastanak hroni\u010dnih komplikacija, te dobija neophodna podr\u0161ka.<\/p>\n<p>Recenzent prevedenog izdanja je prof. dr Mirjana \u0160umarac Dumanovi\u0107, specijalista endokrinologije.<\/p>\n<p>&nbsp;<\/p>\n<p>&nbsp;<\/p>\n","protected":false},"featured_media":3968,"comment_status":"open","ping_status":"closed","template":"","meta":{"inline_featured_image":false},"product_cat":[32,34],"product_tag":[],"yoast_head":"<!-- This site is optimized with the Yoast SEO plugin v21.5 - https:\/\/yoast.com\/wordpress\/plugins\/seo\/ -->\n<title>Dijabetes za neupu\u0107ene knjiga - MEDINIC PRODAVNICA<\/title>\n<meta name=\"robots\" content=\"index, follow, max-snippet:-1, max-image-preview:large, max-video-preview:-1\" \/>\n<link rel=\"canonical\" href=\"https:\/\/www.medinic.co.rs\/prodavnica\/proizvod\/dijabetes-za-neupucene-knjiga\/\" \/>\n<meta property=\"og:locale\" content=\"sr_RS\" \/>\n<meta property=\"og:type\" content=\"article\" \/>\n<meta property=\"og:title\" content=\"Dijabetes za neupu\u0107ene knjiga - MEDINIC PRODAVNICA\" \/>\n<meta property=\"og:description\" content=\"Autor : Dr Alan L. Rubin Izdava\u010d : Mikro knjiga Format: 16,2 x 23,5 cm Broj strana: 362 ISBN: 978-86-7555-345-8 Pismo: Latinica Povez: mek Godina izdanja: 2011  Dr Alan Rubin, priznati stru\u010dnjak za dijabetes, predstavlja vam pregledan, informativan vodi\u010d koji vas upoznaje sa savremenim metodama le\u010denja i na\u010dinima uspe\u0161ne kontrole dijabetesa zahvaljuju\u0107i kojima mo\u017eete voditi bogat i ispunjen \u017eivot.  Sazna\u0107ete kakve su prednosti pra\u0107enja nivoa glukoze u krvi i koji su se novi lekovi pojavili na tr\u017ei\u0161tu, te nau\u010diti kako se defini\u0161e plan ishrane i ve\u017ebanja radi o\u010duvanja zdravlja. Izme\u0111u ostalog, u knjizi \u0107ete otkriti kako se smanjuje rizik od dijabetesa, razlikuju tipovi ove bolesti, reguli\u0161e dijabetes kod dece i starijih, spre\u010dava nastanak hroni\u010dnih komplikacija, te dobija neophodna podr\u0161ka.  Recenzent prevedenog izdanja je prof. dr Mirjana \u0160umarac Dumanovi\u0107, specijalista endokrinologije.  &nbsp;  &nbsp;\" \/>\n<meta property=\"og:url\" content=\"https:\/\/www.medinic.co.rs\/prodavnica\/proizvod\/dijabetes-za-neupucene-knjiga\/\" \/>\n<meta property=\"og:site_name\" content=\"MEDINIC PRODAVNICA\" \/>\n<meta property=\"article:modified_time\" content=\"2026-04-14T08:56:46+00:00\" \/>\n<meta property=\"og:image\" content=\"https:\/\/www.medinic.co.rs\/prodavnica\/wp-content\/uploads\/2020\/12\/Knjiga-DM-za-neupucene.jpg\" \/>\n\t<meta property=\"og:image:width\" content=\"1143\" \/>\n\t<meta property=\"og:image:height\" content=\"1648\" \/>\n\t<meta property=\"og:image:type\" content=\"image\/jpeg\" \/>\n<meta name=\"twitter:card\" content=\"summary_large_image\" \/>\n<meta name=\"twitter:label1\" content=\"Procenjeno vreme \u010ditanja\" \/>\n\t<meta name=\"twitter:data1\" content=\"1 minut\" \/>\n<script type=\"application\/ld+json\" class=\"yoast-schema-graph\">{\"@context\":\"https:\/\/schema.org\",\"@graph\":[{\"@type\":\"WebPage\",\"@id\":\"https:\/\/www.medinic.co.rs\/prodavnica\/proizvod\/dijabetes-za-neupucene-knjiga\/\",\"url\":\"https:\/\/www.medinic.co.rs\/prodavnica\/proizvod\/dijabetes-za-neupucene-knjiga\/\",\"name\":\"Dijabetes za neupu\u0107ene knjiga - MEDINIC PRODAVNICA\",\"isPartOf\":{\"@id\":\"https:\/\/www.medinic.co.rs\/prodavnica\/#website\"},\"datePublished\":\"2020-12-23T11:02:31+00:00\",\"dateModified\":\"2026-04-14T08:56:46+00:00\",\"breadcrumb\":{\"@id\":\"https:\/\/www.medinic.co.rs\/prodavnica\/proizvod\/dijabetes-za-neupucene-knjiga\/#breadcrumb\"},\"inLanguage\":\"sr-RS\",\"potentialAction\":[{\"@type\":\"ReadAction\",\"target\":[\"https:\/\/www.medinic.co.rs\/prodavnica\/proizvod\/dijabetes-za-neupucene-knjiga\/\"]}]},{\"@type\":\"BreadcrumbList\",\"@id\":\"https:\/\/www.medinic.co.rs\/prodavnica\/proizvod\/dijabetes-za-neupucene-knjiga\/#breadcrumb\",\"itemListElement\":[{\"@type\":\"ListItem\",\"position\":1,\"name\":\"Home\",\"item\":\"https:\/\/www.medinic.co.rs\/prodavnica\/\"},{\"@type\":\"ListItem\",\"position\":2,\"name\":\"Proizvodi\",\"item\":\"https:\/\/www.medinic.co.rs\/prodavnica\/\"},{\"@type\":\"ListItem\",\"position\":3,\"name\":\"Dijabetes za neupu\u0107ene knjiga\"}]},{\"@type\":\"WebSite\",\"@id\":\"https:\/\/www.medinic.co.rs\/prodavnica\/#website\",\"url\":\"https:\/\/www.medinic.co.rs\/prodavnica\/\",\"name\":\"MEDINIC PRODAVNICA\",\"description\":\"\",\"publisher\":{\"@id\":\"https:\/\/www.medinic.co.rs\/prodavnica\/#organization\"},\"potentialAction\":[{\"@type\":\"SearchAction\",\"target\":{\"@type\":\"EntryPoint\",\"urlTemplate\":\"https:\/\/www.medinic.co.rs\/prodavnica\/?s={search_term_string}\"},\"query-input\":\"required name=search_term_string\"}],\"inLanguage\":\"sr-RS\"},{\"@type\":\"Organization\",\"@id\":\"https:\/\/www.medinic.co.rs\/prodavnica\/#organization\",\"name\":\"MEDINIC PRODAVNICA\",\"url\":\"https:\/\/www.medinic.co.rs\/prodavnica\/\",\"logo\":{\"@type\":\"ImageObject\",\"inLanguage\":\"sr-RS\",\"@id\":\"https:\/\/www.medinic.co.rs\/prodavnica\/#\/schema\/logo\/image\/\",\"url\":\"https:\/\/www.medinic.co.rs\/prodavnica\/wp-content\/uploads\/2023\/10\/medinic-logo.svg\",\"contentUrl\":\"https:\/\/www.medinic.co.rs\/prodavnica\/wp-content\/uploads\/2023\/10\/medinic-logo.svg\",\"width\":120,\"height\":25,\"caption\":\"MEDINIC PRODAVNICA\"},\"image\":{\"@id\":\"https:\/\/www.medinic.co.rs\/prodavnica\/#\/schema\/logo\/image\/\"}}]}<\/script>\n<!-- \/ Yoast SEO plugin. -->","yoast_head_json":{"title":"Dijabetes za neupu\u0107ene knjiga - MEDINIC PRODAVNICA","robots":{"index":"index","follow":"follow","max-snippet":"max-snippet:-1","max-image-preview":"max-image-preview:large","max-video-preview":"max-video-preview:-1"},"canonical":"https:\/\/www.medinic.co.rs\/prodavnica\/proizvod\/dijabetes-za-neupucene-knjiga\/","og_locale":"sr_RS","og_type":"article","og_title":"Dijabetes za neupu\u0107ene knjiga - MEDINIC PRODAVNICA","og_description":"Autor : Dr Alan L. Rubin Izdava\u010d : Mikro knjiga Format: 16,2 x 23,5 cm Broj strana: 362 ISBN: 978-86-7555-345-8 Pismo: Latinica Povez: mek Godina izdanja: 2011  Dr Alan Rubin, priznati stru\u010dnjak za dijabetes, predstavlja vam pregledan, informativan vodi\u010d koji vas upoznaje sa savremenim metodama le\u010denja i na\u010dinima uspe\u0161ne kontrole dijabetesa zahvaljuju\u0107i kojima mo\u017eete voditi bogat i ispunjen \u017eivot.  Sazna\u0107ete kakve su prednosti pra\u0107enja nivoa glukoze u krvi i koji su se novi lekovi pojavili na tr\u017ei\u0161tu, te nau\u010diti kako se defini\u0161e plan ishrane i ve\u017ebanja radi o\u010duvanja zdravlja. Izme\u0111u ostalog, u knjizi \u0107ete otkriti kako se smanjuje rizik od dijabetesa, razlikuju tipovi ove bolesti, reguli\u0161e dijabetes kod dece i starijih, spre\u010dava nastanak hroni\u010dnih komplikacija, te dobija neophodna podr\u0161ka.  Recenzent prevedenog izdanja je prof. dr Mirjana \u0160umarac Dumanovi\u0107, specijalista endokrinologije.  &nbsp;  &nbsp;","og_url":"https:\/\/www.medinic.co.rs\/prodavnica\/proizvod\/dijabetes-za-neupucene-knjiga\/","og_site_name":"MEDINIC PRODAVNICA","article_modified_time":"2026-04-14T08:56:46+00:00","og_image":[{"width":1143,"height":1648,"url":"https:\/\/www.medinic.co.rs\/prodavnica\/wp-content\/uploads\/2020\/12\/Knjiga-DM-za-neupucene.jpg","type":"image\/jpeg"}],"twitter_card":"summary_large_image","twitter_misc":{"Procenjeno vreme \u010ditanja":"1 minut"},"schema":{"@context":"https:\/\/schema.org","@graph":[{"@type":"WebPage","@id":"https:\/\/www.medinic.co.rs\/prodavnica\/proizvod\/dijabetes-za-neupucene-knjiga\/","url":"https:\/\/www.medinic.co.rs\/prodavnica\/proizvod\/dijabetes-za-neupucene-knjiga\/","name":"Dijabetes za neupu\u0107ene knjiga - MEDINIC PRODAVNICA","isPartOf":{"@id":"https:\/\/www.medinic.co.rs\/prodavnica\/#website"},"datePublished":"2020-12-23T11:02:31+00:00","dateModified":"2026-04-14T08:56:46+00:00","breadcrumb":{"@id":"https:\/\/www.medinic.co.rs\/prodavnica\/proizvod\/dijabetes-za-neupucene-knjiga\/#breadcrumb"},"inLanguage":"sr-RS","potentialAction":[{"@type":"ReadAction","target":["https:\/\/www.medinic.co.rs\/prodavnica\/proizvod\/dijabetes-za-neupucene-knjiga\/"]}]},{"@type":"BreadcrumbList","@id":"https:\/\/www.medinic.co.rs\/prodavnica\/proizvod\/dijabetes-za-neupucene-knjiga\/#breadcrumb","itemListElement":[{"@type":"ListItem","position":1,"name":"Home","item":"https:\/\/www.medinic.co.rs\/prodavnica\/"},{"@type":"ListItem","position":2,"name":"Proizvodi","item":"https:\/\/www.medinic.co.rs\/prodavnica\/"},{"@type":"ListItem","position":3,"name":"Dijabetes za neupu\u0107ene knjiga"}]},{"@type":"WebSite","@id":"https:\/\/www.medinic.co.rs\/prodavnica\/#website","url":"https:\/\/www.medinic.co.rs\/prodavnica\/","name":"MEDINIC PRODAVNICA","description":"","publisher":{"@id":"https:\/\/www.medinic.co.rs\/prodavnica\/#organization"},"potentialAction":[{"@type":"SearchAction","target":{"@type":"EntryPoint","urlTemplate":"https:\/\/www.medinic.co.rs\/prodavnica\/?s={search_term_string}"},"query-input":"required name=search_term_string"}],"inLanguage":"sr-RS"},{"@type":"Organization","@id":"https:\/\/www.medinic.co.rs\/prodavnica\/#organization","name":"MEDINIC PRODAVNICA","url":"https:\/\/www.medinic.co.rs\/prodavnica\/","logo":{"@type":"ImageObject","inLanguage":"sr-RS","@id":"https:\/\/www.medinic.co.rs\/prodavnica\/#\/schema\/logo\/image\/","url":"https:\/\/www.medinic.co.rs\/prodavnica\/wp-content\/uploads\/2023\/10\/medinic-logo.svg","contentUrl":"https:\/\/www.medinic.co.rs\/prodavnica\/wp-content\/uploads\/2023\/10\/medinic-logo.svg","width":120,"height":25,"caption":"MEDINIC PRODAVNICA"},"image":{"@id":"https:\/\/www.medinic.co.rs\/prodavnica\/#\/schema\/logo\/image\/"}}]}},"_links":{"self":[{"href":"https:\/\/www.medinic.co.rs\/prodavnica\/wp-json\/wp\/v2\/product\/2585"}],"collection":[{"href":"https:\/\/www.medinic.co.rs\/prodavnica\/wp-json\/wp\/v2\/product"}],"about":[{"href":"https:\/\/www.medinic.co.rs\/prodavnica\/wp-json\/wp\/v2\/types\/product"}],"replies":[{"embeddable":true,"href":"https:\/\/www.medinic.co.rs\/prodavnica\/wp-json\/wp\/v2\/comments?post=2585"}],"wp:featuredmedia":[{"embeddable":true,"href":"https:\/\/www.medinic.co.rs\/prodavnica\/wp-json\/wp\/v2\/media\/3968"}],"wp:attachment":[{"href":"https:\/\/www.medinic.co.rs\/prodavnica\/wp-json\/wp\/v2\/media?parent=2585"}],"wp:term":[{"taxonomy":"product_cat","embeddable":true,"href":"https:\/\/www.medinic.co.rs\/prodavnica\/wp-json\/wp\/v2\/product_cat?post=2585"},{"taxonomy":"product_tag","embeddable":true,"href":"https:\/\/www.medinic.co.rs\/prodavnica\/wp-json\/wp\/v2\/product_tag?post=2585"}],"curies":[{"name":"wp","href":"https:\/\/api.w.org\/{rel}","templated":true}]}}